uppose 0 = -5*i + 4*u + 9, -15 = i - 2*u - 3*u. Let a be 30*(i - (-68)/(-12)). List the prime factors of (-2044)/a + 1/(-5).
2, 3, 17
Let r = -95 + 101. Let w(k) = 2*k**2 + 2*k - 20. List the prime factors of w(r).
2
Let o(s) = 0*s**2 + 6*s**2 - 3*s - 1 - 4*s**2 - 1. Let g(y) = -2*y**3 + 4*y**2 + 2*y - 7. Let i be g(2). List the prime factors of o(i).
5
Suppose -22*a + 23*a - 24 = 0. Let r be (-2)/(-6)*4/(a/54). Suppose -r*q + q + 372 = 0. List the prime factors of q.
2, 3, 31
Let f(b) = -b**2 + 16*b - 2741. Let u be f(0). Let z = -1865 - u. What are the prime factors of z?
2, 3, 73
Let j = 123215 + -65553. What are the prime factors of j?
2, 11, 2621
Let c(d) = -13*d**3 + 28*d**2 + 7*d - 69. Let l(z) = 37*z**3 - 84*z**2 - 20*z + 205. Let t(f) = -17*c(f) - 6*l(f). List the prime factors of t(27).
3, 233
What are the prime factors of (-71013)/(-7) - 7*(-28)/686?
5, 2029
Let w be -207*-4*(-2)/12. Suppose 0 = 3*g + 6, -a + 0*g - 238 = -4*g. Let b = w - a. What are the prime factors of b?
2, 3
List the prime factors of (-12)/((-9)/(-6)*192/(-811080)).
3, 5, 751
Suppose 4*a = 50639 + 371793 - 56040. List the prime factors of a.
2, 13, 271
Let w be ((-8)/2 - (-72)/30)*-25. Let i = 110 + w. Let f = -133 + i. List the prime factors of f.
17
Let q = 5230 + 28034. What are the prime factors of q?
2, 3, 7, 11
Let b(f) = -f**3 + 25*f**2 + 59*f - 47. Suppose -182 = 20*m - 27*m. List the prime factors of b(m).
811
List the prime factors of 22/(-55) - (4636/(-5))/(4/58).
2, 3361
Suppose 0 = 969*s - 1033*s + 2022400. What are the prime factors of s?
2, 5, 79
Suppose 2*n = 6, -5*p - 3*n + 271090 = 100276. List the prime factors of p.
3, 59, 193
Suppose 195*t - 42060 - 1128354 = 48*t. List the prime factors of t.
2, 3, 1327
Let t(y) = -11*y**2 - 11*y + 4. Let a be t(4). Let r = a + 354. What are the prime factors of r?
2, 3, 23
Let g = -9256 - -21359. What are the prime factors of g?
7, 13, 19
List the prime factors of ((-592)/27 - -22) + 11714/54.
7, 31
Suppose x + 3*x = -r - 6, 4*x + 10 = r. Suppose -224 = 49*g - 41*g. What are the prime factors of x + g/(-13) - (-3142)/26?
11
Suppose h - 4*k - 46 = -0, 0 = -2*h + 5*k + 95. Let o be (h/20)/((-2)/(-4)). Suppose o*p = -5*p + 30. List the prime factors of p.
3
Suppose 0 = -10*d - 36758 + 173458. What are the prime factors of d?
2, 5, 1367
Let y = -5 + 17. Suppose -5*g = y - 27. Suppose g*k + 1276 = 5*n, -3*n - n + 5*k = -1013. List the prime factors of n.
257
Suppose -d - 4 = 2*v, 0 = -5*v + 2*v - 5*d + 8. Let w be (v/(-6))/(20/60). Suppose 3*a + 0*c = -5*c + 85, -w*c = -a + 43. List the prime factors of a.
5, 7
Let n = 5838 - 1839. What are the prime factors of n?
3, 31, 43
Let h be 6/21 - (-2 - (-57)/(-21)). Suppose j - 23 = -2*p + 2*j, -h*p + 2*j = -57. Suppose p*z - 7*z = 84. What are the prime factors of z?
3, 7
Let o(x) = 31*x**2 + 4*x - 4. Let d be o(1). Let h = 107 - d. What are the prime factors of h?
2, 19
Let n(t) = 86*t**2 - 106*t + 337. List the prime factors of n(6).
2797
Suppose 4*r = -3*q + 60, 0 = 7*q - 2*q - 3*r - 129. Let z = -5 + -17. Let s = z + q. List the prime factors of s.
2
Suppose -2*f = -2 - 4. Suppose 4*z - f*i = 290, 0*z - 2*i = -5*z + 359. Suppose o - z = -4*c, 0*o - 5*c - 230 = -3*o. What are the prime factors of o?
3, 5
Let p(f) = -41*f**3 - 2*f**2 - 29*f + 146. What are the prime factors of p(-9)?
2, 13, 19, 61
Let h be 7 + 3/9*-21. Suppose -7*m + 9*m - 1700 = h. What are the prime factors of m?
2, 5, 17
Let z(g) = 14*g - 86*g - 22 + 2. What are the prime factors of z(-2)?
2, 31
Let v(d) = 3*d + 5. Let u be v(-1). Suppose -903 = -u*l - h, -5*h = -4*l - h + 1800. Suppose -5*s + l = -189. List the prime factors of s.
2
Suppose 3*j = 2*t + 47519, 5*j + 5460 = 3*t + 84656. List the prime factors of j.
5, 3167
Suppose -157255 = -35*o - 49455. List the prime factors of o.
2, 5, 7, 11
Suppose -13*d + 54 = 28. Let k(i) = 72*i**2 + 6*i. What are the prime factors of k(d)?
2, 3, 5
Let a be 4888/(-10) - (-2)/(-10). Let h = a + 1184. List the prime factors of h.
5, 139
Suppose -3*b + 0*b = 54. Let r(y) = 0*y + 2 - y**2 - 8*y - 13*y + 29. What are the prime factors of r(b)?
5, 17
What are the prime factors of 7/(-1) + (104/26 - -78124)?
78121
Suppose -q - 56330 = -203*w + 201*w, 0 = 3*w - 4*q - 84505. What are the prime factors of w?
28163
What are the prime factors of 2/2 + (-43 - -4513)?
17, 263
Suppose -592*j - 3*z + 58368 = -591*j, 4*j - 2*z = 233542. List the prime factors of j.
3, 13, 499
Suppose 0 = -3*r + 2*s + 5544, r = s + 1014 + 834. What are the prime factors of r?
2, 3, 7, 11
List the prime factors of (-541226)/(-84) - (-14)/(-12).
2, 3221
Suppose -h - 42 = -8*h. Suppose -4*y = 2*n + 202, 4*y = -h*n + 2*n - 212. Let o = 76 + y. What are the prime factors of o?
2, 7
Let j be 5/(10/12)*-33. Let f = 132 - j. List the prime factors of f.
2, 3, 5, 11
Let f = 46 + -42. Let v(m) be the second derivative of 7*m**3/2 - 3*m**2/2 + 2*m. What are the prime factors of v(f)?
3
Let f be -4*(-3)/(-12) + (-6)/1. Let t(c) = 11*c**2 + 25*c + 10. List the prime factors of t(f).
2, 11, 17
Let b(h) = -h**2 + 14*h + 54. Let i be b(17). Let o(x) = 13*x**3 + 2*x**2 - 11*x + 30. List the prime factors of o(i).
2, 3, 61
Let m(x) = 205*x**2 - 2*x - 12. List the prime factors of m(8).
2, 3, 1091
Suppose -31*i + 68180 + 32762 = -67636. List the prime factors of i.
2, 2719
Let v be (-334)/(-8) + (35/(-20))/(-7). Let b be v/189 + ((-4)/(-18))/(-1). Suppose 4*r - 4*x + 0*x - 652 = b, 4*x - 644 = -4*r. List the prime factors of r.
2, 3
Let l(j) = 2*j**2 - 27*j - 2. Let p be l(14). Let v be (0 - 9)*p/36. List the prime factors of -5 + 5 + 163 + v.
2, 5
Suppose 8*g + 3*o + 175266 = 13*g, -35070 = -g + 3*o. What are the prime factors of g?
3, 7, 1669
Let g = 49571 + -27363. List the prime factors of g.
2, 347
Suppose -9996 - 75864 = -30*f. Suppose 76*p - f = 70*p. List the prime factors of p.
3, 53
Suppose 4*l - 2275 = -3*z + 5*l, -4*l + 2285 = 3*z. Suppose -z - 222 = -9*m. Let h = m - 61. List the prime factors of h.
2, 3
Let g = 66 - 64. Suppose -y - g*y + 4*i = -4, 6 = 2*y - 2*i. List the prime factors of 338/y - (-4)/(-16).
2, 3, 7
Suppose 0 = 3*t - 6*q + 5*q - 1132, -4*t + 2*q + 1508 = 0. Suppose o - t = 379. List the prime factors of o.
757
Let h(v) be the first derivative of 20*v**3/3 - 2*v + 2. Suppose 2*r = -3*n + 6, 3*r - 6*r = -3*n + 6. What are the prime factors of h(n)?
2, 3, 13
Let s(w) be the third derivative of 29*w**6/60 + w**5/30 + w**4/8 + 5*w**3/6 - 18*w**2. Let h be s(-2). Let p = h - -658. List the prime factors of p.
3, 67
What are the prime factors of (0 - 1/(-2)) + 1963/(-302) - -6449?
17, 379
Suppose 3*t = 2*s - 1130 + 17350, 0 = -5*t + 3*s + 27033. What are the prime factors of t?
2, 3, 17, 53
Let x be 16/(-1) + (26 - 23). Let a(h) = 3*h**2 + 14*h - 21. What are the prime factors of a(x)?
2, 19
Let s be (-26)/13 - (-2 + 0). Suppose -5*w + 0*j + 5*j + 530 = s, -4*w + 418 = 2*j. What are the prime factors of w?
3, 5, 7
Suppose 22*g - 8 = 18*g. Let s be ((g - 3) + -3 + 3)*0. Suppose s = -2*p + 4*p - 268. What are the prime factors of p?
2, 67
Let h(i) = 11*i + 74. Let s be h(-28). Let y = s + 1148. What are the prime factors of y?
2, 457
Let h = -11 - -10. Let c = 4 - h. Suppose 24 - 150 = -2*w - 5*b, 315 = c*w - 4*b. List the prime factors of w.
3, 7
Let b(h) = -44*h - 3. Suppose -33 = v - 0*q - 4*q, -5*v = -q + 70. What are the prime factors of b(v)?
569
Suppose -122*j + 131*j = 171675. What are the prime factors of j?
5, 7, 109
Let v be 1104/336 + (-1)/((-21)/(-6)). Suppose -3150 = -2*y - m, -m + 2303 = v*y - 2422. List the prime factors of y.
3, 5, 7
Let g(f) = 2*f**2 + 29*f - 2. Let q = -95 + 79. Let u be g(q). Suppose 4*y - 758 - u = 0. List the prime factors of y.
3, 67
Let v(j) = -j**3 + 5*j**2 - 3*j - 2. Let d be v(2). Suppose 0 = -d*p + 2*s + 2422, -4*p + 2423 = -6*s + 3*s. What are the prime factors of p?
5, 11
Let b(i) = 15*i**2 - 137*i + 6627. List the prime factors of b(44).
107, 277
Let p(t) = -30 + 4 + 5*t**2 - 6*t + t**3 + 6 + 9. Let o = 12 - 17. What are the prime factors of p(o)?
19
Suppose 116*v - 122*v + 1368 = 0. Suppose -450 - v = -3*x. What are the prime factors of x?
2, 113
Let p be (-3)/2 + (-22840)/(-16). Suppose 8*y - 910 = p. What are the prime factors of y?